t is 128530 (base 11) in base 7?
1466545
What is -11235105 (base 6) in base 8?
-1246021
What is 151465 (base 8) in base 11?
37694
531276 (base 10) to base 6
15215340
What is 320ee9 (base 15) in base 6?
123023120
Convert 1112551 (base 6) to base 12.
28757
What is -266975 (base 12) in base 8?
-2325751
Convert -108256 (base 12) to base 8.
-1001542
1885290 (base 11) to base 7
36031033
222350 (base 7) to base 9
58788
What is 271565 (base 8) in base 11?
65499
34d95a (base 16) to base 7
41303465
4003255 (base 6) to base 9
315028
What is -1273581 (base 13) in base 15?
-7919e3
Convert -18c420a (base 15) to base 5.
-14112241320
What is -14990b4 (base 12) in base 15?
-5798d4
What is 1134241 (base 7) in base 9?
237334
Convert -7c9b4 (base 16) to base 4.
-1330212310
1488468 (base 11) to base 6
130310123
Convert -a0028 (base 13) to base 3.
-112111211102
1254430 (base 9) to base 4
2213120223
-409566 (base 12) to base 2
-11110110111111011110
Convert 1567828 (base 15) to base 8.
73142051
-123067 (base 8) to base 16
-a637
-487520 (base 11) to base 13
-21009c
What is 4a995 (base 13) in base 7?
1112626
217e1c (base 16) to base 11
126a12a
-83176c (base 16) to base 8
-40613554
Convert -1020000112122 (base 3) to base 13.
-199a9c
-34053055 (base 9) to base 4
-332332230101
Convert 437645 (base 8) to base 11.
a0799
-330167 (base 13) to base 2
-100100100111011001000
-2505f2 (base 16) to base 9
-4507288
Convert -11111201121 (base 3) to base 12.
-4342a
What is -55703 (base 11) in base 7?
-454210
Convert b7637 (base 12) to base 7.
2022625
What is -69644 (base 11) in base 9?
-162886
What is -5211544 (base 6) in base 3?
-110201200201
69dd47 (base 14) to base 4
31301211123
223041123 (base 5) to base 12
3b7252
Convert -144004 (base 8) to base 2.
-1100100000000100
Convert 5361711 (base 9) to base 11.
1694059
-238ba (base 15) to base 7
-651316
What is 5231560 (base 7) in base 9?
1158687
What is -10412102 (base 5) in base 10?
-91527
What is 1160025 (base 7) in base 15?
2e1a6
Convert -2031104104 (base 5) to base 9.
-7740275
Convert -11055545 (base 6) to base 14.
-89bcd
What is -27c8ac (base 16) in base 15?
-3677d6
Convert 1211068 (base 9) to base 12.
27818b
What is -923623 (base 11) in base 4?
-11222023131
What is -201010210102 (base 3) in base 16?
-5bfa6
293391 (base 10) to base 7
2331240
2711214 (base 8) to base 4
2321022030
What is 22051504 (base 7) in base 10?
1894981
Convert -17a776 (base 11) to base 3.
-112010001002
-571049 (base 14) to base 15
-3d7446
-2413143 (base 8) to base 2
-10100001011001100011
What is -870b8 (base 13) in base 14?
-64cdc
44613110 (base 8) to base 2
100100110001011001001000
-11e08a (base 15) to base 6
-30213204
What is -47615 (base 14) in base 2?
-101010011111110011
370563 (base 12) to base 6
31043403
What is -2022504 (base 7) in base 5?
-30203120
-4d74 (base 15) to base 2
-100000010010110
Convert -12121130230 (base 4) to base 9.
-3135484
Convert 21212020222120 (base 3) to base 15.
577d5c
What is 2333543 (base 6) in base 5?
12341013
Convert 57981 (base 14) to base 7.
1545321
What is 211202202112020 (base 3) in base 11?
6915177
What is -37642150 (base 8) in base 7?
-130615400
Convert 110312112102 (base 4) to base 15.
72e610
What is -4c3926 (base 13) in base 2?
-111000000010000010000
Convert 2303132022 (base 4) to base 14.
151c82
Convert -915646 (base 11) to base 9.
-2682504
What is 5a3c3 (base 13) in base 8?
503101
What is -1b5355a (base 13) in base 6?
-522114404
189120 (base 10) to base 8
561300
Convert 57c26 (base 14) to base 6.
4325122
-201020022211 (base 3) to base 6
-12040421
What is -10432443411 (base 5) in base 3?
-210211210212112
What is 10212211200 (base 3) in base 11?
52470
Convert -2527ad (base 15) to base 3.
-10100110012101
910194 (base 11) to base 16
165804
Convert -541316 (base 8) to base 12.
-88866
What is -2210110111101 (base 3) in base 16?
-16aa16
What is -a337ab (base 12) in base 9?
-4726305
10011212112 (base 3) to base 7
350336
What is -437042 (base 8) in base 4?
-203320202
Convert -21004144 (base 5) to base 4.
-222012020
36561 (base 9) to base 5
1241032
What is -1015526 (base 7) in base 15?
-26255
1340440321 (base 5) to base 14
65c334
What is 97b7 (base 13) in base 7?
115351
What is -102221121202 (base 3) in base 14?
-619d4
11002012212112 (base 3) to base 15
2ccbc5
-17a813 (base 11) to base 6
-5542130
Convert -55161325 (base 8) to base 15.
-10926d4
What is 321231342 (base 5) in base 11?
84393a
What is 11011111000101010 (base 2) in base 6?
2240442
-11131236 (base 7) to base 3
-1211001122120
What is -10100011110010111101 (base 2) in base 12?
-284311
What is 1231312 (base 8) in base 2?
1010011001011001010
What is 111000011101011000 (base 2) in base 9?
382201
Convert 277472 (base 8) to base 15.
1e106
Convert -11230023203 (base 4) to base 5.
-340213213
What is 161063 (base 9) in base 7?
562134
-104312412 (base 7) to base 12
-2133646
32213132 (base 4) to base 14
17b66
242501352 (base 6) to base 3
22200021211012
What is 2425431 (base 7) in base 10?
309261
1525634 (base 7) to base 5
23133040
Convert 135201151 (base 6) to base 9.
5178644
What is 72e12 (base 16) in base 15?
9464b
What is -3402111 (base 5) in base 6?
-1140104
Convert -1da31 (base 15) to base 13.
-3509b
What is 1001628 (base 10) in base 14?
1c104c
Convert 10054 (base 7) to base 11.
1919
What is 5030030 (base 6) in base 3?
110001100200
Convert 409423 (base 12) to base 8.
3667433
Convert 33042 (base 11) to base 12.
2390a
What is -252125435 (base 6) in base 11?
-2822302
Convert -1516345 (base 10) to base 9.
-2761027
Convert -47e0f (base 16) to base 11.
-191220
Convert -203133113 (base 4) to base 12.
-7015b
Convert 13d6561 (base 14) to base 15.
cac315
-12200204 (base 5) to base 10
-115679
What is -2731435 (base 9) in base 13?
-4054c4
Convert 104330341 (base 5) to base 15.
9294b
What is 56e2 (base 16) in base 7?
121563
Convert -202011121030 (base 4) to base 6.
-515301404
Convert 354661 (base 8) to base 14.
3229b
Convert 322203002112 (base 4) to base 15.
15327ac
Convert -121200220211010 (base 3) to base 16.
-876db3
What is -718580 (base 9) in base 11?
-271247
What is -35640106 (base 7) in base 6?
-151533011
Convert 1000011000111100011101 (base 2) to base 15.
2d69ba
101333212 (base 4) to base 12
3679a
What is -ab103 (base 16) in base 11?
-439478
14273124 (base 8) to base 13
8965a6
What is -12010101002 (base 3) in base 9?
-163332
Convert -30321121 (base 6) to base 12.
-3591a1
What is -baa02 (base 13) in base 11?
-210901
What is 2001300312 (base 5) in base 16?
3bfcc4
Convert -13721174 (base 8) to base 9.
-5777253
Convert 112232521 (base 6) to base 14.
3bd625
Convert -31322323033 (base 4) to base 16.
-37aecf
-20001110001202 (base 3) to base 12
-10b1918
Convert -98169 (base 11) to base 4.
-202310111
-e980 (base 16) to base 14
-17ada
What is -10321605 (base 7) in base 14?
-18c6ac
Convert -142352255 (base 7) to base 15.
-c4c8eb
What is 520017 (base 8) in base 10?
172047
What is 4c9cbf (base 16) in base 13?
106a433
Convert -1222123002 (base 4) to base 6.
-13202030
-1467bc (base 15) to base 2
-11110000001101000101
What is 487140 (base 15) in base 5?
1341411120
What is -321723 (base 8) in base 16?
-1a3d3
-234240534 (base 6) to base 5
-2112002402
What is -1011010011111010110011 (base 2) in base 5?
-1224341141
Convert 11020100112000 (base 3) to base 6.
120124213
10030323010 (base 4) to base 3
2001221222121
Convert -116567 (base 9) to base 10.
-70450
What is -75873 (base 11) in base 13?
-3b202
What is 120032212 (base 4) in base 14?
28246
Convert -2238936 (base 13) to base 14.
-1574c97
What is -b72e1 (base 16) in base 4?
-2313023201
Convert -19965 (base 13) to base 5.
-3044223
5146362 (base 8) to base 9
2506841
23114014 (base 5) to base 4
302220120
-421585 (base 9) to base 5
-31004104
What is 3b6d98 (base 16) in base 3?
21022212111102
-10220000232 (base 4) to base 6
-41553130
Convert -101000110001101001111111 (base 2) to base 6.
-1021034451
21076 (base 12) to base 14
11ac2
What is -68fcad (base 16) in base 2?
-11010001111110010101101
4254cb (base 14) to base 8
10434373
What is -ca10f6 (base 16) in base 6?
-1151500222
Convert 265813 (base 11) to base 10.
417585
-332233031121 (base 4) to base 15
-169ce9c
What is 19a6cc1 (base 14) in base 7?
213366231
Convert 4fe6 (base 16) to base 15.
60d9
What 